m**2 - 2*m + 10. Is j(o) prime?
True
Let f = -679 + 685. Let r be ((-20)/6)/(6/(-603)). Suppose -f*c = -11*c + r. Is c a prime number?
True
Let f be (0/8 - (-1 + -44)) + -1. Let c(n) = 18 - 9*n + f*n**2 - 7 - 12. Is c(4) prime?
False
Suppose -2*n - 3*n = -k + 25, -3*k + 19 = -n. Let y(z) be the first derivative of 4*z**3/3 - 2*z**2 - z - 48. Is y(k) prime?
True
Let f(b) = 4793*b**3 - 14*b**2 + 5*b - 31. Is f(6) prime?
True
Let z = 22694 + 60005. Is z composite?
False
Let c be 6*-1 + (2 - 3) + 5. Let u be (291/c)/((-42)/56). Suppose 5*q = -p + 258, u = 3*p - 2*q - 597. Is p a prime number?
True
Suppose 86*z = 84*z + 12. Let c = 8 - z. Suppose c*s - 2428 = 766. Is s prime?
True
Let s(k) = 2*k**3 + 7*k**2 - 5*k - 2. Let a be s(-4). Suppose a*j - 126 = 1892. Is j composite?
False
Is ((-1)/(-3))/(19/1498701) a prime number?
True
Let l be (-37 + -47346)*(-2 + 1). Suppose 5*h + 4178 = l. Is h composite?
False
Suppose -2*p = -p + 4*v - 21, -4*p = 2*v - 14. Is p*4509 - 18/9 a prime number?
True
Let p = -265 - -2491. Suppose -4*v = -5*x + p, -4*x - v + 1856 = 71. Is x prime?
False
Suppose -3*m - 40 = -4. Suppose -o + 5780 + 134 = 0. Is o/2 + (m - -8) prime?
True
Let z be (-32)/(-24) - (-4)/6. Suppose -5*v = -u - 8460, 3*v - z*u - 5069 = -0*v. Is v a prime number?
True
Let l(o) = -o**3 - 3*o + 4. Let t be l(0). Suppose -11 = f + 5*h, 1 = -2*h + h. Is (4/f)/(6/(-7956)*t) prime?
False
Suppose -21*k = -23*k + 14. Suppose -12*z = -k*z - 10. Suppose -5874 = -4*g - z*h, -4*h = 4*g + 290 - 6154. Is g prime?
True
Let p(j) = 45*j**3 + 5*j**2 + 8*j - 1. Let m be p(10). Suppose -16*i + 34117 + m = 0. Is i prime?
False
Suppose -1960819 = -46*u + 131307. Is u a prime number?
True
Let v = -194 + 233. Is (v + -40)*(-4098 - 1) composite?
False
Let g(v) = 143862*v + 1661. Is g(3) a prime number?
False
Suppose 18491 = 7*n - 22445. Suppose r = 3*w + 1482, 4*w = r - 5*r + n. Suppose 0 = z - 1 - 0, -5*o - 2*z + r = 0. Is o a prime number?
True
Let p(r) be the first derivative of -r**4/4 - r**3/3 - 3*r**2/2 - 6*r + 39. Let x = 2 + -7. Is p(x) composite?
False
Let v(b) = 15*b - 11. Let k(p) = -28*p + 21. Let t(d) = -2*k(d) - 5*v(d). Is t(-16) prime?
True
Let s(g) be the first derivative of g**2/2 - 4*g + 16. Let y be s(5). Is ((-29420)/(-30))/(y/(6/4)) a composite number?
False
Let i(z) be the second derivative of 196*z**3/3 - 111*z**2/2 - 129*z. Is i(11) a composite number?
False
Let a be -8 - -62 - (0 - (1 - 1)). Let u = -50 + a. Suppose 2*w - 239 = 5*d, -d + 485 = u*w - 4*d. Is w a composite number?
True
Let j(f) = -7*f - 129. Let n be j(-19). Let h be (-5)/(-2)*12/15. Suppose 5*a + n*d = 4277, 2*a + 423 - 2123 = h*d. Is a prime?
True
Suppose 0 = -17*t - 26350 + 107781 + 103988. Is t a composite number?
True
Let v(b) = 7*b + 116. Let f be v(-16). Suppose -f*i + 9*i = -3*w + 23471, 7831 = w - 2*i. Is w prime?
False
Let l be 1/(-4) + 1 + 377174/(-232). Let c = l - -5658. Is c prime?
False
Is (0 + -1)/(168/(-13519128)) composite?
False
Let u = 26 + -23. Suppose 3*b = -u*z + 11847, -b + 3*z + 3933 = -0*z. Suppose o = -5*k + 6583, 5*k = 2*k - 3*o + b. Is k prime?
False
Suppose 5*m - 20 = -5*w, 3*w - 8*w - 5 = 0. Suppose -m*b + 3*q - 276 = -10538, 3*b - 6160 = -q. Is b a composite number?
False
Suppose -22*z + 44*z = -16*z + 21423412. Is z prime?
False
Let j = 102 + 476. Suppose j - 1699 = -c + 4*r, 2*c - r - 2277 = 0. Is c a prime number?
False
Let o(d) = -22670*d. Let p be o(-3). Suppose 0 = -3*v - 7*v + p. Is v a composite number?
True
Suppose -287*y + 49002098 = -524*y + 283*y. Is y a composite number?
False
Let l(f) = -67*f + 27. Let n = 0 - -4. Suppose -4*j + n*d = 56, 3*d - 56 = 2*j + 2*j. Is l(j) prime?
False
Suppose 2084949 = 179*n - 7606648. Is n prime?
False
Let w be ((-21)/(-35) - (-7)/5)*-5. Let c be 3 + (-912)/10 + (-2)/w. Let q = c - -386. Is q prime?
False
Let c be 1914/(-261) + 4/3. Suppose -5*w = -0*w - 10. Is w*3/c*-2335 composite?
True
Suppose p - 71296 = -15*p. Suppose 4*o - 4*k = p, 6*o - 11*o + 5520 = 5*k. Is o composite?
False
Is 976/(-122)*186742/(-16) a composite number?
False
Let w(a) = -3*a**3 - 10*a**2 + 2*a + 24. Let i be w(-10). Suppose 3*s = 4*q + 6885, -3*q = 3*s - 4860 - i. Is s a prime number?
False
Let s(m) = 28096*m**2 + 25*m + 132. Is s(-5) prime?
True
Let o = 19521 + 27727. Is (3/(-6))/((-141752)/o - -3) a prime number?
True
Suppose -2*l = -2*d + 198, d = 12*l - 13*l + 99. Is (-173564)/6*(-7 + d/18) prime?
True
Let p be 6/9*(-5 + 11). Suppose p*y + 4 = 4*w, -w - 4*y - y = -25. Suppose -5*s = -25, 2*c - 312 = w*s + 109. Is c a prime number?
True
Is (-25 + 360502/(-69))/((-2)/12) a prime number?
False
Let y(l) = 2497*l + 15. Let a be y(3). Is a + 1 + (1 - 1) composite?
False
Is (-36830690)/(-208) - 12/96*3*-1 a prime number?
False
Let m(l) = l**2 - 11*l - 46. Let n be m(15). Suppose 0 = -n*x + 10*x + 1016. Is x prime?
False
Let p = 1 - -36. Suppose 760226 = p*j + 243225. Is j composite?
True
Suppose 7*z - 282836 = 5*z. Suppose -z - 11972 = -6*t. Is t a composite number?
True
Is 110213 - (-8 - 3) - 3 prime?
True
Suppose -2*w + 219431 = 2*j - 85691, -4*j = 8. Is w composite?
False
Let v(k) = -17*k**3 - 271*k**2 + 17*k - 52. Is v(-17) a composite number?
False
Let y = 294550 + 778581. Is y a prime number?
True
Let w = 339 + -339. Suppose -2*g - q = q - 3744, w = -2*g + 2*q + 3724. Is g a prime number?
True
Let f be 808/48 - 1/(-6). Suppose f = 4*x - 3*b, -6*x - 4*b = -x - 60. Suppose -x*g + 1479 + 1073 = 0. Is g a composite number?
True
Let p = 22 + 23. Suppose -5*h + p = -80. Is h prime?
False
Let x(r) = 5709*r + 2304. Is x(41) a prime number?
False
Let a(j) = -j + 24. Let s be a(18). Suppose -5*w - 11 = -4*l, -8*w + 3*l - 10 = -s*w. Is ((-393)/4 - -3)*(-4)/w composite?
True
Let g(u) = -10*u + 6. Let f be g(0). Suppose -16 = -4*j, j - 32 = -2*v - 2*v. Suppose -163 = -v*o + f*o. Is o a prime number?
True
Let p(v) = 3694*v**3 + 12*v**2 + 8*v - 3. Is p(3) prime?
False
Let y be (-23851)/(-46) - ((-3)/(-2) + -1). Suppose -z = 4*p - 487 - y, 0 = -5*p - 5. Is z a prime number?
True
Let a = 24841 + 122920. Is a composite?
False
Let z be (164/(-5))/((-12)/(-30)). Let f = -84 - z. Is (131*1)/(f/(-2) - 0) a prime number?
True
Let o(u) = 5*u**3 + 8*u**2 + 14*u - 33. Let a(j) = 4*j**3 + 9*j**2 + 14*j - 32. Let x(v) = -7*a(v) + 6*o(v). Is x(11) a prime number?
True
Suppose u + 4*h = 136, -u + 4*h + 176 = -0*u. Let k = 613 - u. Suppose x - 3*w = 5*x - k, 0 = -4*w - 20. Is x prime?
False
Let w(v) be the first derivative of 37*v**3/3 - 5*v**2/2 + 4*v - 7. Let h(f) be the first derivative of w(f). Is h(6) a composite number?
False
Let q(z) = -2*z**3 + 146*z**2 + 87*z + 17. Is q(-41) a prime number?
False
Let o(d) = -9 + 27 - 75*d + 8 - 325*d. Let m be o(-11). Suppose -3*g + m = -1421. Is g composite?
False
Let h(f) = -f**3 + 6*f**2 + 6*f + 8. Let t be h(7). Let q(s) = -11*s**2 + 38*s**3 - 3 - 2 + 10*s**2 + 4 + s. Is q(t) a prime number?
True
Let h(j) = -880*j**2 - j - 2. Let x be h(2). Let k = 5455 + x. Is k prime?
True
Suppose 4*v - 116426 = -24150. Suppose -5*x - 4*b + v = 0, 3*x - 15402 = 4*b - 1567. Is x a prime number?
False
Let o(b) = -6*b + 136. Let x be o(-33). Suppose -4*y + x = 2*s, 2*y - 5*s - 193 = -32. Is y a composite number?
False
Let g(l) = 411 - 767*l - 750*l - 440. Is g(-6) composite?
True
Let b = -232 - -28. Let z = b - -307. Is z prime?
True
Suppose 5*s - 5*p = 2505, -s + 6*p - 2*p + 510 = 0. Let i = s + -275. Is i a prime number?
True
Let r(d) = -d**2 - 7*d - 4. Let o be r(-6). Let w = 11516 - 1724. Suppose w = -0*f + 4*f - 4*y, 0 = o*y - 10. Is f a prime number?
False
Let k(j) = 9*j**3 + 9*j**2 + 15*j - 1. Let f = -48 - -56. Is k(f) a prime number?
True
Suppose -5*j + 1028 + 2956 = 2*q, j = -4*q + 786. Let m = j - -289. Is m prime?
True
Let b = 45 - 46. Let x be ((-10)/(-15) + 16/(-6))/b. Is (10/6 - x)/(1/(-4506)) prime?
False
Let m = -60 + 107. Let p = m + -87. Let g = p - -377. Is g composite?
False
Let p(q) = -q**3 + 10*q**2 - 2*q + 14. Let s be p(10). Is (-3)/s + (-4405)/(-2) composite?
False
Let d(n) = 327*n**2 + 91*n - 233. Is d(37) composite?
False
Let d = -549 + 546. Is 2/(36/(-1758))*29*d composite?
True
Let z be 178/5 + (-22)/(-55). Let m(i) = 53*i**2 - 11*i - 13. Let w be m(-7). Is (-24)/z*w/(-2) a prime number?
True
Let b(p)